 122, 92 = r - m. What is the highest common divisor of r and 11?
11
Let m(t) = 25*t**2 - 3*t - 3. Let z be m(-3). What is the greatest common divisor of 21 and z?
21
Suppose 0 = 2*g + 3*g - w, -2*w = -4*g. Suppose m - d - 13 = g, -2*d = 5*m + 2*d - 74. Let u = 199 + -73. What is the greatest common divisor of u and m?
14
Suppose 0*k = -3*k + 93. Let f = k + -15. What is the highest common divisor of 16 and f?
16
Let z be (-165)/2*(-12)/9. Calculate the greatest common factor of 10 and z.
10
Let l(y) = -9*y**3 - y**2 + 2*y - 1. Let u be l(-2). What is the greatest common factor of 7 and u?
7
Let q = -6 + 8. Suppose 2*n - 4 = -q. What is the greatest common divisor of 7 and n?
1
Suppose 4*m = 89 + 39. Calculate the highest common divisor of 8 and m.
8
Suppose 0 = 3*y - 8*y + 2*x + 6, -5*y = -x - 8. Let g be (1/(-1))/((-5)/(-15)). Let j = y - g. What is the greatest common factor of 55 and j?
5
Let u(c) = -c**3 - 3*c**2 + 5*c - 7. Let a be u(-5). Calculate the greatest common factor of 12 and a.
6
Let s be 3/(-2)*160/(-15). Calculate the highest common divisor of 24 and s.
8
Suppose 3*m = -0*m. Suppose -h - 5*q + 44 = 0, 5*h + 4*q - 2*q - 128 = m. What is the greatest common divisor of 6 and h?
6
Let n(x) = 5*x + 23. Let z be n(-3). Calculate the greatest common divisor of z and 32.
8
Let s be 22/6 + (-5)/(-15). Let m(w) = -3*w - 2. Let i be m(-6). Calculate the greatest common factor of i and s.
4
Let j = 3 + 1. Let i(y) = -y + 9. Let o be i(0). Suppose 0 = -2*a - 1 + o. What is the greatest common factor of a and j?
4
Let f = 7 - -6. Let h(u) = -u + 22. Let s be h(9). What is the highest common factor of s and f?
13
Let u be (-6)/4*(-24)/18. Suppose 3*g = 5*i - 69, u*g - 6 = -g. Suppose 3*f - 9 = i. Calculate the greatest common factor of 8 and f.
8
Let o be 125 - -1*(-1 - -2). Calculate the greatest common factor of 14 and o.
14
Let c(o) = o - 9. Let x be c(7). Let q = x + 8. Suppose 3*f = 3*r - 36, 0 = -4*r - f + 39 + 9. What is the highest common factor of r and q?
6
Let p = -27 - -69. Suppose 2*d + d - p = 0. Calculate the greatest common factor of 70 and d.
14
Let k = -19 - -31. Calculate the greatest common divisor of 12 and k.
12
Let t = 4 + 11. Let k = 25 + -36. Let f = -8 - k. What is the greatest common factor of t and f?
3
Let y be (-4)/((-16)/(-84))*-1. Calculate the greatest common factor of y and 3.
3
Let m = -52 - -176. Calculate the highest common divisor of 31 and m.
31
Let j be (7 - 6)*1*3. Let y be j*(3 + 31/3). Calculate the highest common divisor of y and 60.
20
Let n(z) = -2 + 0*z**2 + 1 + z + 2*z**2. Let s be n(1). Calculate the greatest common divisor of s and 20.
2
Let m be (0 + 2)*108/2. Calculate the highest common factor of m and 12.
12
Let u = 43 + -40. Calculate the greatest common divisor of 6 and u.
3
Let d(o) = -5*o - 1. Let s be d(-3). Let z be -1*0*(-1)/3. Suppose x + 9*j = 4*j - 6, -5*x - 5*j + 50 = z. Calculate the highest common divisor of x and s.
14
Let r(b) = -2*b**2 - 11*b - 3. Let n be r(-2). What is the greatest common factor of n and 77?
11
Suppose -84 = -4*l - 4*t, 5*l = 3*l + 4*t + 30. Let n(w) = 2*w**2 - 20*w + 28. Let m be n(12). Calculate the highest common factor of l and m.
19
Suppose -4*u - 3*l + 0*l = -92, 0 = 4*u - 5*l - 60. Calculate the highest common divisor of 180 and u.
20
Let y be 166/((0 - 1)*-2). Let d = y + -35. Calculate the highest common factor of 32 and d.
16
Suppose m = -1 + 3. Suppose -w + 58 = -4*d, m*d + 4 = 2. Let g(b) = b**3 - 3*b**2 - 2*b - 2. Let i be g(4). What is the greatest common divisor of w and i?
6
Let y be 1/(-4)*-4 - -7. What is the highest common factor of y and 12?
4
Suppose -4*b + 31 + 329 = 0. What is the greatest common factor of b and 18?
18
Suppose 0 = 5*z - 4*r - 24, 0*z - 2*r - 18 = -4*z. What is the greatest common factor of z and 12?
4
Let y(x) = x**3 + 4*x**2 - 2*x - 4. Let g be y(-3). What is the greatest common divisor of 88 and g?
11
Let m be 2/8 + (-270)/(-8). Suppose -x - x = -m. Let y = -135 + 203. What is the highest common factor of y and x?
17
Suppose -3*c - 23 = -4*c - 2*s, 4*c - 72 = -3*s. What is the greatest common divisor of c and 3?
3
Let g be -2 + (3 - 4)*-4. Suppose 3*c = -4*k + 235, k = -2*c + g*k + 164. Calculate the highest common divisor of c and 54.
27
Let a(w) = -10*w**3 - 2*w**2 - w - 2. Let s be a(-2). Calculate the greatest common divisor of s and 8.
8
Let u be -87 - 6/((-6)/(-2)). Let f = -41 - u. Let x = -30 + f. Calculate the highest common divisor of x and 2.
2
Let f be 2/8 - (-23)/4. Suppose -4*d - 2*b + 94 = -0*d, 4*b = -5*d + 116. Suppose -3*y + d = -y. Calculate the highest common factor of f and y.
6
Suppose 2*a - p + 7 = 18, 5*p + 10 = -5*a. Suppose w - 616 = -a*w. What is the greatest common divisor of w and 14?
14
Let p(v) = v**3 - 13*v**2 - 13*v + 18. Let j be p(14). Calculate the highest common factor of j and 8.
8
Suppose -5*s + 89 = -26. Calculate the highest common factor of s and 23.
23
Suppose 5*z + 23 - 38 = 0. Calculate the highest common divisor of 9 and z.
3
Let y = -3 + -2. Let g(d) = d**2 + 4*d - 1. Let t be g(y). Suppose -4*j + 20 = 0, 0 = 2*z + t*j + j - 63. Calculate the highest common divisor of z and 38.
19
Let a(k) = -3*k - 2. Let h be a(-12). What is the highest common divisor of h and 85?
17
Let z be (-16)/6 - 6/18. Let u(p) = -32*p + 2. Let f be u(z). Suppose f = 4*l - 34. What is the greatest common divisor of l and 22?
11
Suppose 10 = 23*m - 22*m. Calculate the greatest common divisor of m and 110.
10
Let z = -26 + 44. Let q(i) = -i**3 + 4*i**2 + 5*i - 2. Let j be q(5). Let m(t) = -45*t. Let o be m(j). Calculate the greatest common divisor of z and o.
18
Let n = -22 + 36. Suppose 3*s - 4 - 14 = 0. Suppose -4*h + 2*m = s*m - 60, -m = -h + 13. What is the highest common factor of h and n?
14
Let t(m) = -90*m - 6. Let u(c) = -18*c - 1. Let a(z) = -3*t(z) + 16*u(z). Let b be 3/(1/1*-1). Let o be a(b). Calculate the highest common divisor of o and 8.
8
Let x be 13/3 + (-3)/9. Suppose 8*i + 5 = 3*i. Let o = i + x. What is the greatest common factor of 24 and o?
3
Suppose -4*o - 580 = -9*o. Suppose 26 = -5*k + o. Suppose 2*q - 54 = -0*q. Calculate the highest common divisor of q and k.
9
Let p be 6/(-4)*338/(-39). Calculate the greatest common divisor of 13 and p.
13
Let f(y) = y**2 + y + 6. Let z be f(-6). What is the highest common divisor of 84 and z?
12
Suppose -2*y + 0*y = 5*o + 29, -3*o - 51 = 4*y. Let v = -4 - y. Suppose -d + 32 = d. Calculate the greatest common divisor of d and v.
8
Suppose 4*v + 6 = -58. Let l = -9 - v. Let c be (-1617)/22*4/(-6). What is the highest common divisor of l and c?
7
Suppose 4*u + 2*o = 218, -3*o - 47 = -u - 6*o. What is the greatest common factor of 28 and u?
28
Let b = 3 + -1. Suppose b*v - 15 = -5*m, -5*v - 7*m + 2*m + 30 = 0. Suppose v*t + 3*a = 14, -1 = -4*t - 5*a + 5. What is the greatest common factor of 4 and t?
4
Suppose 4*t - 2*t - 10 = 0. Let r be 3 - 1 - (-3 + 3). Suppose -r*j - 30 = -4*o + 3*j, 2*o = -j + 22. What is the greatest common divisor of t and o?
5
Let w be ((-14)/4 + 4)*154. What is the greatest common divisor of 7 and w?
7
Suppose 4*z + n = 59, 4*z + 6*n - 3*n - 57 = 0. Suppose 5*r - 3*r = 4*u, 5*r - z = -5*u. Calculate the greatest common factor of u and 4.
1
Let a be (1*2)/((-2)/(-14)). Suppose -4*c - 2*j = -36, -5 + 11 = -2*c + 5*j. What is the greatest common factor of c and a?
7
Suppose -5*s + 4*s = -20. Let l be (-636)/(-10) + (-6)/(-15). Let a = l - 14. What is the greatest common factor of s and a?
10
Let z = -5 + 3. Let x be (-18)/z + 1 + -2. What is the greatest common divisor of x and 88?
8
Suppose l = -3*w + 41, -2*w - 2*w + 2*l + 68 = 0. Let r(n) = n**3 - n**2 + n + 3. Let g be r(0). Calculate the highest common divisor of w and g.
3
Suppose -5*g = -2*b - 5, -4*b = -4*g - 6*b + 22. Calculate the greatest common factor of g and 15.
3
Suppose 2*i = s + 8, -6*s + s - 12 = 4*i. What is the highest common factor of i and 3?
1
Let y be (36/10)/(21/5810). Let t be y/10 - 12/(-30). What is the greatest common divisor of 20 and t?
20
Suppose -25 - 3 = -2*x. Let u = 62 + x. Suppose 4*c - 4*m = -5*m + 116, -2*c = 5*m - u. Calculate the greatest common factor of c and 42.
14
Let q be ((-13)/(-3))/(3/9). Calculate the highest